pose 5*g + r - 177 = 0, -m*g + 99 = 4*r - 33. List the prime factors of g.
2, 3
Suppose -3*w = -364 - 1121. List the prime factors of w.
3, 5, 11
Suppose -5*h = -c - 2511, 4*h + 5*c = 6*c + 2009. What are the prime factors of h?
2, 251
Let t = -42 - -46. What are the prime factors of t/(-10) + 2488/20 + -3?
11
Suppose 3964 = -0*v + 4*v. List the prime factors of v.
991
Let q(m) = m**2 + 3*m - 17. Let c be q(-6). What are the prime factors of (-6)/(-15) + c*(-1206)/(-10)?
11
Let a(m) = 425*m**2 + 2*m + 1. Let b be a(-2). Suppose 5*t - b = 2*n, 0*t - 5*n = -t + 344. What are the prime factors of t?
3, 113
Let y(c) = 12*c**2 + 16*c**2 - 12*c**2 - 2*c + 1. What are the prime factors of y(-2)?
3, 23
Let j(n) = -n**3 + 11*n**2 - 10*n - 11. Let m be j(8). Suppose 0 = -r - 5*c + 5 - 95, -5*r - c - 330 = 0. Let b = r + m. What are the prime factors of b?
2, 3
Let b = -309 + 819. What are the prime factors of b?
2, 3, 5, 17
Suppose 7 + 11 = a. What are the prime factors of (-1056)/a*((-20)/8 + -2)?
2, 3, 11
Let o(v) = v**3 - 5*v**2 + 3*v - 4. Let x be o(3). Let j = 41 + x. What are the prime factors of j?
2, 7
Suppose 61 = -2*b + 207. What are the prime factors of b?
73
Let c(n) = -n**2 - 12*n - 9. Let t(k) be the first derivative of k**4/4 - 2*k**3/3 - 6*k + 2. Let v be t(0). What are the prime factors of c(v)?
3
Suppose 153 = 3*c - 0*c. Let f = -31 + c. What are the prime factors of f?
2, 5
Let y be 5 - 2 - (-12 - -11). Let k = -4 - -4. Suppose -y*f - 2*l = -114 - 74, k = -3*f - 3*l + 144. What are the prime factors of f?
2, 23
Suppose 21*o = 17*o + 624. Suppose 0*q - 3*a + 108 = 3*q, 4*q = 2*a + o. List the prime factors of q.
2, 19
Let h(x) = 12*x + 6. Let u be h(-3). What are the prime factors of 5*((-678)/u + -5)?
2, 11
Suppose -k + 3*q - 148 = -499, k - 347 = -q. Suppose -5*w = -8 + 23, 0 = 4*d - 4*w - k. List the prime factors of d.
2, 3, 7
Let z = 8 - 5. Suppose -s = -4*x - x + 192, 2*s - 123 = -z*x. Suppose -2*y + x = 7. What are the prime factors of y?
2
Suppose -4*y - 2*g + 0*g = -2358, 3*y - 1786 = -5*g. What are the prime factors of y?
587
Let g = 3 + 3. Let w(i) = 3*i - 69. Let b be w(11). List the prime factors of (b/15)/(g/(-20)).
2
Let v(j) = -3*j - 2. Let l(h) = h + 1. Let t(d) = -5*l(d) - 2*v(d). What are the prime factors of t(9)?
2
Suppose -11962 = -5*s + h, 9*s + 2*h - 7185 = 6*s. What are the prime factors of s?
2393
Let a be (-1)/(-2)*(9 + 1). Suppose 0 = -11*y + 41 + 36. Suppose -b + 66 = y*i - 12*i, a*i = 4*b - 204. What are the prime factors of b?
2, 23
Let c = 163 + 79. List the prime factors of c.
2, 11
What are the prime factors of 4/1*1043/7?
2, 149
Let p(b) = -347*b + 60. List the prime factors of p(-3).
3, 367
Let a = 9 + 5. Let o = a + -4. What are the prime factors of -1 - -3 - 0/o?
2
Suppose -h - 18 - 24 = -2*v, 2*h + 5*v + 66 = 0. What are the prime factors of 24/(-36) - h/3?
2, 3
Suppose -4*c + c = -9. Let g be (-298)/(-6) + 6/18. Suppose -5*o + g = -c*o. List the prime factors of o.
5
Let k(w) = -w - 14. Let x be k(-19). Suppose 194 = 4*h + n - 132, 0 = x*h - 4*n - 397. What are the prime factors of h?
3
Let g(z) = z**3 - 38*z**2 - 26*z - 25. What are the prime factors of g(39)?
2, 241
Let h(m) = -m**3 + 7*m**2 + 2*m - 11. Let k be h(7). Suppose 3*z - 5 = -2*z. List the prime factors of k + -7 + 70 - z.
5, 13
Let j(b) = 2*b**3 + 5*b**2 - 8*b + 6. Let f be j(6). Let o = f + -384. Suppose o = -12*h + 15*h. What are the prime factors of h?
2, 31
Suppose 3*b - 3 = 2*b. Suppose b*k + 12 = 30. List the prime factors of k.
2, 3
What are the prime factors of ((-25)/7 + 3)*199724/(-56)?
2, 1019
Let z(m) = -m**3 - 5*m**2 + 16*m + 15. Let a be z(-7). List the prime factors of 1536/12 - -1*4/a.
2, 3, 11
What are the prime factors of 6 - (2 + -1) - -48?
53
Let s(d) = 144*d + 534. List the prime factors of s(5).
2, 3, 11, 19
Let k = -82 + 86. Suppose k*d - 16 = 8. What are the prime factors of d?
2, 3
Let f(t) = t**2 + 12*t + 19. Let g be f(-11). Suppose -g*j - 712 = -12*j. Suppose 3*q = -31 + j. List the prime factors of q.
7
Let h(o) = -17*o - 7*o**3 + 9*o**2 - 21 + 14*o**3 - 6*o**3. List the prime factors of h(-10).
7
List the prime factors of 621246/(-94)*1/(-3).
2203
Let q = 143 - 89. Suppose -j - j = m - 42, 5*m = 2*j - q. List the prime factors of j.
2, 11
Suppose -2*k = 4*i - 29 + 3, 3*i = 9. Suppose 41 = -k*y + 272. List the prime factors of y.
3, 11
Let b be 498 + 1 - (-1 + 3). Suppose -2*p = -0*p - 2*x - 342, b = 3*p + 5*x. Suppose 40 + p = 5*n - h, 0 = 3*h + 12. List the prime factors of n.
41
Let t be 8/24 - 175/3. Let p = -22 - t. List the prime factors of p.
2, 3
Let x(n) = -2 + 4 + 10*n**2 + 21*n**2 + 3*n. Suppose -7*d + 554 = 561. What are the prime factors of x(d)?
2, 3, 5
Let t = -9 - -11. Suppose 4*y + 14 = -t*q, 4*y = 4*q - 3*q - 5. What are the prime factors of 0 + (3 - 69)/y?
3, 11
Suppose 2*q + 4271 = 3*q - h, 3*h = -2*q + 8517. What are the prime factors of q?
2, 3, 79
Let t(y) = y**2 + 2*y - 57. Let s(n) = -n**3 - 4*n**2 + 3*n + 5. Let v be s(-2). What are the prime factors of t(v)?
2, 3
Let v(i) = -2*i**2 - 2*i**2 + 94*i - 93*i - 22*i**3 + 23*i**3 + 5. Let p(w) = 5*w - 1. Let d be p(1). What are the prime factors of v(d)?
3
Suppose 9*q - 480 = 3*q. Suppose 0*u + q = 4*u. Suppose u = 3*z - 28. What are the prime factors of z?
2
Let n(t) = -t - 49. Let k be n(-23). Suppose -2*j = -4*m - 77 + 313, -2*j = 8. Let f = m + k. List the prime factors of f.
31
Let x be (-10)/15*-21 + -4. Suppose 100 + x = 5*w. What are the prime factors of w?
2, 11
Let f = -1417 - -2944. What are the prime factors of f?
3, 509
Let c be 0/((-3 - 1)*1). Suppose 3*p + 653 = 2*g, 4*g + 3*p + 575 - 1908 = c. What are the prime factors of g?
331
Let v(l) = 6*l. Let r be v(-1). Let j(k) = -k**2 - 4*k + 14. Let a be j(r). Suppose -t = -3*p + 184, 7*p - a*p + t = 296. What are the prime factors of p?
2, 3, 5
Let p be 1 + -4 + (33 - 2). Let o = 4 + p. List the prime factors of o.
2
Let n(v) = 3*v**3 + 32*v**2 + 12*v - 26. Let q(h) = -4*h**3 - 48*h**2 - 18*h + 39. Let o(z) = -7*n(z) - 5*q(z). List the prime factors of o(16).
83
Suppose 5*w = 5*k - 40, -w - 21 = -5*k + 3. Suppose -3*i + 35 = 5*g, -g + 41 = 3*g + 5*i. List the prime factors of 7 - g*2/w.
3
Let w = -104 + 320. Suppose -4*s + s + w = 0. What are the prime factors of s?
2, 3
Let c be 3*(-8)/12 + -114. Let o = c + 166. List the prime factors of o.
2, 5
Let x(i) = 4*i**2 - 8*i - 15. List the prime factors of x(-4).
3
What are the prime factors of 24/(-108) + 2567/9?
3, 5, 19
Suppose -5*o - 9882 = -3*v, o + 2318 = v - 976. List the prime factors of v.
2, 3, 61
Let c(k) = 1. Let s(t) = 15*t - 10. Let w(p) = 30*c(p) + s(p). What are the prime factors of w(7)?
5
Suppose 0 = 163*v - 165*v + 544. List the prime factors of v.
2, 17
Let g = 69 + 45. Let q(i) = -5*i + 1. Let m be q(-2). Suppose -3*r - r + g = 2*h, r - 3*h = m. What are the prime factors of r?
2, 13
Suppose 5*j - 51 = -1. Suppose -j - 18 = -u. Let o = u + -12. List the prime factors of o.
2
Let u(a) = a**3 - 13*a**2 + a - 19. Let n be u(13). Let d be n/(-27) - (-3056)/18. Let s = -105 + d. List the prime factors of s.
5, 13
Let y(v) = 5*v**3 + 43*v**3 + 2 - 13*v**3 - 3. List the prime factors of y(1).
2, 17
Let a(y) = 3*y - 16. Let r be a(6). List the prime factors of (-2 - (-60 + r)) + 1/(-1).
5, 11
Suppose -3*v = -3*x - 0*x + 15, -2*v = 4*x - 14. Let g be (-1 - -1)/((-2)/v). Suppose -a + 6*a - 70 = g. What are the prime factors of a?
2, 7
Let c be 0*(15/6 - 2). Suppose -2*s - 1 + 13 = 0. Suppose 4*z - 2*t - 132 = -c*t, 3*t + s = 0. List the prime factors of z.
2
Suppose -2*b = s - 42, -4*s = -5*b + 74 + 18. Suppose 3*l = 70 + b. List the prime factors of l.
2, 3, 5
Suppose 26*b + 32 = 28*b. Let x = 84 - b. List the prime factors of x.
2, 17
Let m(d) = d**2 + 5*d - 7. Let w be m(-6). Let n be 0 + w + 0 + -17. Let z = -16 - n. List the prime factors of z.
2
Let r = 1027 + -434. What are the prime factors of r?
593
Let q be (9 - 17)/(2/(-1)). Suppose -q*t - 100 = -8*t. What are the prime factors of t?
5
Let k(c) = 6*c**2 + 8*c + 19. List the prime factors of k(-10).
7, 11
Let h = 12 + 48. Suppose 0 = -0*u + 5*u - h. Suppose u*d = 9*d + 48. What are the prime factors of d?
2
What are the prime factors of 110 - (-1 + -1